6) in base 2?
101110011001011101
What is -33296c (base 13) in base 8?
-4462477
Convert 101000100000010101100 (base 2) to base 11.
827225
Convert 2cb0a (base 14) to base 9.
180472
What is -314219 (base 13) in base 14?
-21d964
Convert 75917 (base 12) to base 16.
25de3
Convert -5b07dd (base 14) to base 2.
-1011111000000100101111
What is -153ccc (base 14) in base 10?
-740668
5c376 (base 15) to base 14
79415
Convert 100001110111101010110 (base 2) to base 5.
241003341
-242424 (base 5) to base 16
-239a
140241 (base 6) to base 15
3d07
-726045 (base 14) to base 13
-a5111b
1454232401 (base 6) to base 8
106146261
Convert -100110010120010 (base 3) to base 2.
-10011001010000001000000
What is 2d325 (base 15) in base 10?
145835
Convert -10201211120201 (base 3) to base 9.
-3654521
Convert -6dcb7 (base 15) to base 11.
-21a374
Convert 8b830 (base 13) to base 9.
426433
Convert -1000000101000000101111 (base 2) to base 11.
-1217053
Convert 1168898 (base 11) to base 15.
2a21db
Convert 665d2 (base 15) to base 7.
2523314
What is -103014433 (base 5) in base 12?
-191a9b
Convert 13122321011 (base 4) to base 12.
799805
What is -61837 (base 12) in base 2?
-11111000101101011
What is 21250134 (base 8) in base 12?
1630964
225548 (base 9) to base 15
2a15e
a1499 (base 12) to base 6
4255113
What is -3145553 (base 9) in base 14?
-31b854
What is -145073 (base 9) in base 3?
-11112002110
Convert 48bc1b (base 15) to base 4.
31102023233
What is -7457b1 (base 12) in base 3?
-10110012112021
Convert 34133052 (base 6) to base 16.
fd9b8
172a023 (base 11) to base 16
2ce25f
What is 222003033 (base 4) in base 8?
520317
Convert -478a9 (base 11) to base 5.
-4201333
Convert 108575 (base 13) to base 3.
201210201102
What is 7faa3 (base 16) in base 12?
212743
-2473500 (base 8) to base 10
-685888
Convert 503e1 (base 16) to base 14.
87ac9
Convert 10000000010111110100 (base 2) to base 7.
4316660
3ba68 (base 14) to base 11
a0897
13b847 (base 13) to base 14
c7c02
Convert 19c7a3 (base 15) to base 14.
24a260
Convert 1169542 (base 11) to base 13.
562515
-261147 (base 8) to base 7
-525340
Convert 1102201120110 (base 3) to base 14.
15bac6
What is -1a1498a (base 11) in base 10?
-3403223
Convert 2c956c (base 13) to base 11.
695a79
Convert 101202012211 (base 3) to base 10.
211567
-110121121202110 (base 3) to base 10
-6704436
Convert -49ef5 (base 16) to base 2.
-1001001111011110101
Convert -c64709 (base 13) to base 3.
-22201120120122
What is -10612041 (base 7) in base 5?
-214140001
Convert -a95c6 (base 13) to base 4.
-1022303112
Convert -58884 (base 15) to base 9.
-468807
What is 316314 (base 8) in base 3?
12100221221
Convert 11001011101111010 (base 2) to base 3.
12022002111
-412144212 (base 5) to base 12
-68b121
124310424 (base 5) to base 10
619489
What is 35ba9d (base 14) in base 7?
21423056
What is -686003 (base 11) in base 7?
-12163664
36d689 (base 15) to base 14
4c5633
Convert 26dc7 (base 16) to base 5.
20043200
What is 100111111001100110010 (base 2) in base 9?
2412423
-4035455 (base 6) to base 12
-92b8b
What is -154410 (base 9) in base 16?
-1737f
What is -1022022220122 (base 3) in base 14?
-1415d8
What is 113020001112 (base 4) in base 6?
333533330
What is -6363021 (base 8) in base 10?
-1697297
-d3add (base 15) to base 2
-10100011101111110100
Convert 527231 (base 8) to base 7.
1331306
What is 100110010001111101100111 (base 2) in base 12?
343b39b
Convert -111112110 (base 4) to base 5.
-10244234
76430603 (base 8) to base 15
168d41a
6420a02 (base 12) to base 13
3c08393
Convert 195357c (base 14) to base 3.
212122200122201
What is 5333324 (base 6) in base 13?
91bc7
-20576 (base 11) to base 8
-72422
-30101443 (base 5) to base 6
-5032404
Convert -12620123 (base 9) to base 5.
-3042311434
-21100324 (base 5) to base 16
-2abf1
3420340 (base 6) to base 4
222123210
-45315301 (base 6) to base 9
-2531361
-3431034 (base 5) to base 6
-1152122
What is -1114421 (base 5) in base 12?
-b696
14046720 (base 8) to base 7
35623203
13547256 (base 9) to base 14
c67281
What is 111382 (base 9) in base 10?
66656
18847 (base 11) to base 14
9832
What is -305147 (base 8) in base 6?
-2055235
What is 721883a (base 11) in base 12?
432a101
Convert 8abd9 (base 14) to base 5.
41241430
3aa823 (base 11) to base 4
2131030122
17a735 (base 14) to base 6
25524255
-110110200220020 (base 3) to base 7
-110221320
Convert 16348261 (base 9) to base 10.
8181055
What is -1cb27 (base 13) in base 11?
-39762
Convert -2705141 (base 8) to base 9.
-1372426
Convert 1102102001222 (base 3) to base 13.
20616b
Convert -656015 (base 7) to base 8.
-340345
-418518 (base 9) to base 7
-2054660
What is 1ce74b (base 16) in base 15?
2763b4
2122101012020 (base 3) to base 12
579050
Convert 1111001111011000011 (base 2) to base 15.
9ce80
Convert ddd72 (base 15) to base 2.
10101100001000001000
What is 34204033 (base 6) in base 13?
2a68a9
-14654125 (base 8) to base 10
-3364949
Convert -676bb (base 14) to base 7.
-2063624
12228190 (base 10) to base 4
232221121132
Convert -a85984 (base 11) to base 10.
-1735474
What is 90344 (base 13) in base 11?
166603
10101110010000010 (base 2) to base 6
1525014
Convert -1011011011100000110 (base 2) to base 14.
-9a6c6
Convert -6b76d (base 14) to base 4.
-1000000011
Convert -23031330103 (base 4) to base 14.
-567975
3635c (base 13) to base 4
120101321
Convert -22211020120 (base 3) to base 15.
-366d9
Convert -2434ba3 (base 12) to base 3.
-111020120111020
Convert 40514c (base 16) to base 14.
7ba19a
Convert -10526 (base 13) to base 16.
-72fe
Convert 3b49 (base 16) to base 9.
22733
Convert 2432636 (base 7) to base 13.
ab58a
-14644411 (base 7) to base 16
-1574d1
323112100 (base 4) to base 11
1566aa
What is 1201022131 (base 4) in base 9?
665831
3645427 (base 10) to base 2
1101111001111111110011
3454140 (base 6) to base 2
101011100100101100
Convert -333031301 (base 4) to base 11.
-1675a0
What is 72177 (base 9) in base 8?
134660
What is -220122102201 (base 3) in base 10?
-485101
Convert 2013122130 (base 4) to base 11.
34979a
-72053 (base 10) to base 5
-4301203
What is 451905 (base 13) in base 2?
110001110010111010100
Convert -2414502 (base 6) to base 15.
-27858
What is -1314313221 (base 5) in base 10?
-3276061
-33514314 (base 6) to base 13
-299905
Convert 1086a (base 13) to base 7.
153316
120baa2 (base 15) to base 8
61312646
-238b97 (base 13) to base 2
-11001110111111010100
Convert 6105 (base 12) to base 16.
2915
Convert -6334 (base 10) to base 11.
-4839
What is -13146a (base 11) in base 16?
-32811
Convert -10210313212 (base 4) to base 3.
-2020221112021
What is c4979 (base 16) in base 7?
6562433
Convert 11075 (base 9) to base 5.
213413
Convert -36ab (base 12) to base 5.
-144204
100221132131 (base 4) to base 3
22012201112122
-2106626 (base 10) to base 9
-3860665
Convert -10153250 (base 6) to base 4.
-1020000132
1942696 (base 11) to base 12
1123b19
Convert -402c1 (base 13) to base 5.
-12132424
75603 (base 9) to base 10
50061
-426137 (base 12) to base 10
-1047355
Convert 4b5105 (base 16) to base 9.
10252748
-39a9bc (base 16) to base 7
-44056335
21100111210211 (base 3) to base 15
522aba
What is -120121323 (base 4) in base 13?
-36666
5042a6 (base 11) to base 7
6615151
Convert -309222 (base 11) to base 6.
-14341302
-113174 (base 10) to base 5
-12110144
What is -761490 (base 11) in base 8?
-4511135
-45969 (base 14) to base 11
-106176
Convert -2000216 (base 10) to base 8.
-7502530
What is -601270 (base 8) in base 4?
-300022320
-2002226 (base 7) to base 3
-102222212112
Convert -32734 (base 13) to base 16.
-164a7
What is 846386 (base 16) in base 9?
17283485
Convert -acf2 (base 16) to base 4.
-22303302
304240500 (base 6) to base 2
10100000000110110110100
Convert 12274 (base 10) to base 16.
2ff2
What is -62613 (base 11) in base 6?
-1542240
-1022110212010 (base 3) to base 8
-2523645
What is -223302033132 (base 4) in base 2?
-101011110010001111011110
What is -1576b5 (base 12) in base 5?
-43144414
-1113321023 (base 4) to base 15
-71a0b
Convert 32b1b (base 14) to base 2.
11110000000100101
What is -1254524 (base 6) in base 7?
-410230
What is -38819 (base 11) in base 4?
-31210013
Convert 230e (base 16) to base 9.
13271
What is 1076326 (base 9) in base 5?
122111014
What is -c9034c (base 14) in base 6?
-401430452
Convert -535336 (base 7) to base 13.
-33508
Convert 24153 (base